*g. Let b be 7/((-84)/(-286)) - c/(-12). Calculate the greatest common factor of 96 and b.
24
Suppose 3*g - 2*g = -x + 10, 5 = 3*x - 2*g. Suppose 2*u = 39*o - 34*o + 120, 5*o = -2*u + 140. Calculate the highest common factor of x and u.
5
Suppose -4*v + 41 = 3*z, v - 5 = -z + 6. Let i be 40/32 + 150/v. What is the highest common factor of 10 and i?
10
Let m be (145 + (-1)/1)*19/((-1292)/(-51)). Let y be (-9)/(-6)*(-1 + 19). What is the highest common factor of y and m?
27
Let w be (5 + -3 + 1)/((-6)/(-30)). What is the greatest common factor of w and 2055?
15
Let w(f) = 13*f - 2. Let d be w(2). Let g(j) = 3*j**2 - 5*j - 4. Let a = -7 + 2. Let b be g(a). Calculate the highest common factor of d and b.
24
Let g = 143 + -138. Suppose -5*h = 3 + 12. Let n = h + 4. What is the highest common divisor of n and g?
1
Let s be 1 - -4 - (0 + -1)*39. Let d be ((-2)/(-6))/(2/48). Let p = 19 - d. Calculate the highest common divisor of p and s.
11
Let f be (-326)/(-9) + (-40)/180. Suppose -57*x + 60*x = f. What is the greatest common factor of 96 and x?
12
Suppose 17*j - 1494 = 172. What is the greatest common factor of j and 14?
14
Suppose -7*r = 18*r - 6300. What is the greatest common factor of r and 63?
63
Let u(o) = -o**3 + 5*o**2 - 3*o + 3. Let w be u(5). Let f be 8/w*-3 - 40. Let i = 12 - f. What is the greatest common factor of i and 20?
10
Let v = 62 - 58. Suppose -11*d + 135 = v*d. What is the greatest common divisor of 3 and d?
3
Let n be (-44)/(-7)*7/2. Calculate the highest common divisor of n and 1903.
11
Suppose -g - 10*k + 6*k = -60, 3*g = -2*k + 180. What is the greatest common divisor of 135 and g?
15
Let j = 202 + -189. Suppose 0*p - 234 = -2*p. Calculate the highest common divisor of p and j.
13
Let k be 2/5 + 13/5. Suppose -s - s + b - 12 = 0, -s + k = -5*b. Let p be (-38 + -1)*s/21. Calculate the greatest common factor of 52 and p.
13
Let d be 86 - 3*6/9. Let x = d + -121. Let p = -33 - x. Calculate the highest common factor of 20 and p.
4
Suppose 4*p + 1442 = c, 17*c = 18*c - 3*p - 1439. What is the greatest common divisor of c and 44?
22
Let n(q) = -22*q - 19. Let s be (-11 + 1)*9/18. Let g be n(s). What is the highest common factor of 13 and g?
13
Let x be (-14)/(-4) + (-1)/2. Let n(i) = -i**x + 2 - 6 + 3*i - 2*i + 4*i**3. Let j be n(2). Calculate the greatest common factor of 88 and j.
22
Suppose -5*v + 2*v + 21 = 0. Suppose 3*b - v*b = -396. Calculate the greatest common factor of 66 and b.
33
Let x(w) = 19*w**2 + 2*w. Let v be x(-2). Let d = -101 + 125. What is the highest common factor of d and v?
24
Let g be 0 + -1 - (-14 - 1). Let h(z) = -z**2 + 5*z. Let v be h(4). Let r be 42/(-8)*(-96)/v. Calculate the highest common divisor of r and g.
14
Let m(u) = 901*u**2 + 4*u - 2. Let d be m(1). What is the highest common factor of d and 7?
7
Let v be (1 - (-6)/(-9))*24. Let h be (v/(-3))/((-14)/21). Suppose -h*p + 57 = 7*b - 2*b, -25 = -5*p + 3*b. What is the highest common factor of p and 88?
8
Let z = 26 + 14. Suppose 9*o - 4*o - z = 0. What is the greatest common divisor of o and 40?
8
Let w = 853 - 501. Suppose g - 3 = 4*g. Let i be g - (-3)/1 - -30. Calculate the greatest common divisor of i and w.
32
Suppose 3*a = a + 3*z + 426, 0 = -3*a - 2*z + 652. Let n = 20 + 4. Calculate the highest common divisor of a and n.
24
Suppose 0 = 175*m - 172*m - 3*x - 171, -m - x + 49 = 0. Calculate the highest common factor of m and 424.
53
Let g(l) = -l**2 - 11*l + 3. Let h be g(-6). Let p be 24040/104 + 2/(-13). What is the greatest common divisor of h and p?
33
Let y = -180 - -365. What is the highest common divisor of 111 and y?
37
Let q(v) = 35*v + 36. Let m be q(2). Calculate the highest common factor of 583 and m.
53
Let t = 6 - 3. Suppose -t*v = -v - 12. Suppose -34*f = 141*f - 44 - 1006. Calculate the highest common divisor of v and f.
6
Suppose -3*i + 2*i + 104 = 0. Suppose -3*w - 64 = -2*z + 72, 2*z + 8 = 0. Let d = 61 + w. Calculate the greatest common divisor of i and d.
13
Suppose -5*c - 5*w + 3485 = 0, 0*c + 3509 = 5*c - 3*w. Calculate the greatest common divisor of c and 28.
28
Let v(l) = l**2 - 35*l + 109. Let y be v(32). Calculate the highest common divisor of 13 and y.
13
Suppose 20*u + 44 = 24*u. Suppose 2*q - 910 = -3*q. Let t = q + -94. Calculate the highest common factor of t and u.
11
Let i(w) = w**2 + 12*w - 112. Let y be i(7). What is the highest common factor of y and 7?
7
Suppose 3*z - 14 = -y + 4, 4*y = -4*z + 16. Let s(n) = n**3 - 7*n**2 + 6. Let a be s(z). Let i = -69 + 135. What is the highest common factor of i and a?
6
Let r(n) = n**2 - 25*n - 138. Let h be r(-5). What is the highest common divisor of 81 and h?
3
Suppose -u - 5 = -4, d = -4*u + 179. Calculate the greatest common divisor of d and 61.
61
Let m be 37/(12/1224*6). What is the highest common factor of 17 and m?
17
Let i = -117 - -143. Calculate the highest common divisor of 26 and i.
26
Suppose 3*o = 8*o. Let v be (o*(-4)/(-20))/2. Suppose v*y + 5*t = -2*y + 19, -y - t = -5. What is the highest common divisor of 12 and y?
2
Suppose -k = -6 - 10. What is the greatest common factor of 16 and k?
16
Let u(a) = -42*a - 44. Let j be u(-2). What is the highest common divisor of j and 100?
20
Let i = 1159 + -817. Let x be (-2)/5 - i/(-30). Suppose 4*t - s = 396, -2*t + 5*t - 297 = -3*s. Calculate the highest common divisor of t and x.
11
Let y be (-2)/(((-2)/(-4))/(363/(-12))). Let z = -85 + y. What is the greatest common factor of z and 24?
12
Let t(x) = -10*x**2 + 109*x - 11. Let z be t(10). Calculate the greatest common factor of z and 158.
79
Let a = 569 - 562. What is the greatest common divisor of 91 and a?
7
Suppose 81 = -4*d + u, 66 = d - 5*d - 2*u. Let x = d + 35. Suppose 8 = 2*j, -5*v - 5*j + 24 = -x. What is the greatest common factor of 20 and v?
4
Let v(d) = 36*d - 17. Let o be v(2). Let y be o/2 - 7/(-14). Calculate the highest common factor of y and 112.
28
Suppose 3*r - 18 = 12. Let u be (-126)/(-15) + (-4)/r. Suppose 4*l - 45 = 19. Calculate the greatest common divisor of u and l.
8
Suppose -4*z - 164 = 2*j + 2*j, 3*j = 4*z + 171. Let t be (-108)/z*(-42)/(-9). Suppose -h + 2*h - t = 0. Calculate the greatest common divisor of 60 and h.
12
Let h be (-7 - -4) + (0 - -544). Let q = h + -277. Suppose 25 = 5*p, 2*p - 92 = -3*j - 2*p. Calculate the greatest common divisor of q and j.
24
Suppose 5*z + r - 324 = -0*r, 0 = 5*z + 2*r - 328. Calculate the greatest common divisor of 2 and z.
2
Let t(m) = -12*m + 43. Let n(g) = 34*g - 128. Let r(y) = 3*n(y) + 8*t(y). Let u be r(8). What is the highest common divisor of 8 and u?
8
Let l(x) = -x**2 + 15*x - 37. Let g be l(11). What is the greatest common divisor of 2 and g?
1
Let x = -74 - -86. Suppose -2*u + 2*c = -216, -5*u + 0*c + 540 = 5*c. Calculate the highest common divisor of u and x.
12
Suppose -10*t = -65*t + 122320. Calculate the highest common divisor of t and 16.
16
Let b = 5 + 3. Let m(g) = -272*g + 4660. Let o be m(17). Calculate the highest common factor of o and b.
4
Suppose -2*q - 27 = -63. What is the highest common factor of q and 738?
18
Suppose 4*t = 5*h + 678, t + 837 = 6*t - h. Let o = 293 - t. What is the greatest common factor of o and 18?
18
Let j be 2 - -8 - (4 + 1 - 7). Suppose -2*h - 110 = -j*h. Calculate the greatest common factor of h and 88.
11
Let s be (-3)/(-12) - (-1662)/8. Suppose 0 = r - 2*l - 18, -33*l - 12 = -36*l. Calculate the highest common divisor of r and s.
26
Suppose 0*u + 4*u + 4*l = 20, -2*l = -4. Suppose -u*a + a + 432 = 0. Let m = -17 + 44. Calculate the greatest common factor of m and a.
27
Let m be ((-275)/20 + 4)/((-2)/8). What is the greatest common factor of 6 and m?
3
Suppose 27*x = 29*x - 16. Let z(b) = -21*b + 2. Let j be z(-6). What is the greatest common factor of j and x?
8
Let a = 16 + -12. Let f(c) = c**3 - 4*c**2 - c + 1. Let t be f(a). Let d be 2 + -3 + (-27)/t. Calculate the greatest common factor of d and 8.
8
Let t(c) = 82*c**3 - 5*c**2 + c + 2. Let z be t(2). What is the greatest common divisor of z and 10?
10
Let b = 39 - -28. Let z = -37 + b. What is the greatest common divisor of z and 150?
30
Suppose -5 = -3*g + 19. Let h(a) = a**2 - 4*a - 8. Let o be h(g). Let l = 14 + 202. What is the highest common factor of o and l?
24
Let c